+ 398/(-6)). Suppose 7 = y - 5*t - 1, 5*y + t - k = 0. Calculate the highest common divisor of 13 and y.
13
Suppose 4*v - 50 = -2*l, -4 = -l - 3. Let d be (-30)/v*(2 + 12). Let a be (-2020)/(-14) + 10/d. Calculate the highest common factor of 16 and a.
16
Suppose -5*b + 160 + 390 = 0. What is the highest common factor of 66 and b?
22
Suppose -26*o + 21*o + 75 = 0. Suppose 7*r - 132 = o. What is the highest common factor of r and 21?
21
Let l = 92 + -108. Let b = l - -32. Calculate the highest common divisor of 40 and b.
8
Let a(o) = 5*o**3 - o**2 + o - 2. Let f be a(-2). Let b = f - -55. What is the greatest common divisor of 7 and b?
7
Let k = 31 - 27. Suppose -5*l + 10 = k*f - 71, l + 37 = 3*f. What is the highest common divisor of 98 and f?
14
Suppose 2*w - 6 = 0, i - 47 = -3*i + 3*w. Suppose -2*a + i = -4. Let l be (3 - (-12 - 129))/(4 + -2). What is the highest common factor of a and l?
9
Let v be (-53)/(-1*(-4)/(-16)*4). What is the greatest common factor of 159 and v?
53
Let z be -46 - (1 - 3)*6/4. Let j = z - -71. What is the highest common factor of 7 and j?
7
Let c be (-16 + 7)*220/(-6). Suppose -2*d + c = 4*d. Calculate the highest common factor of 22 and d.
11
Let p = -45 + 49. Suppose -5*z + 5*v - 22 = -p*z, -v = -5. Calculate the greatest common factor of 6 and z.
3
Let t = -310 - -395. Suppose -2*s + s = 0. Suppose s = -2*x + 2*p + 76, 4*x - 156 = 4*p + p. What is the greatest common factor of t and x?
17
Suppose -142 + 20 = 2*v. Let r = v + 173. What is the greatest common divisor of r and 16?
16
Suppose 0 = 4*n - 15 + 3. Suppose -86 = -5*s + n*w, -111 + 21 = -5*s + 5*w. What is the highest common divisor of s and 176?
16
Suppose -5*f - 3*q + 1912 = 0, 5*f + 2*q = -3*q + 1920. What is the greatest common divisor of 40 and f?
20
Let i = -19 + 18. Let g(m) = -259*m**3 + 3*m + 3. Let q be g(i). What is the highest common factor of q and 37?
37
Let u be (-2 - -1)*(17 + -11). Let y be (((-18)/3)/u)/(-1 + 2). What is the greatest common factor of y and 11?
1
Let o(j) be the first derivative of -j**3/3 + 7*j**2 - 12*j + 26. Let d = -4 - -14. Let k be o(d). What is the greatest common divisor of k and 70?
14
Suppose 0 = 3*q + 2*m - 25 - 27, -2*q = 5*m - 31. Let r(z) = -14*z + 3. Let o be r(-3). Calculate the highest common factor of q and o.
9
Suppose -5*i = -213 + 43. What is the highest common factor of i and 34?
34
Suppose -m + 19 = 3*p, 4*p = -0*p - 5*m + 7. Let k be 7/1*p/8. Suppose -3*x + 7 = -2*y, 0*x - 4*y - 5 = 3*x. What is the greatest common factor of k and x?
1
Suppose -4*n - 2*g + 386 = 0, 4*n = g + 2*g + 361. Let z = 190 - n. Calculate the highest common factor of z and 6.
6
Suppose -19*d + 100 = -9*d. What is the highest common divisor of d and 160?
10
Let y be 2/(-8) - (418/(-8))/1. Calculate the highest common divisor of 26 and y.
26
Let j(d) = d**2 + 19*d + 18. Let r be j(-22). Calculate the highest common factor of r and 42.
42
Let k(s) = -s + 19. Suppose -4*h - 5*z + 67 = 22, 13 = h + 3*z. Let n be k(h). What is the highest common factor of n and 63?
9
Let s = 120 + -90. Let v = 68 - 23. Calculate the greatest common divisor of s and v.
15
Let o = -1618 + 1668. What is the highest common factor of 130 and o?
10
Suppose -2*g - 7 = -3*n + 7, 0 = -2*n + 3*g + 16. What is the highest common factor of n and 86?
2
Suppose 2*r - 4*r - 5*y + 429 = 0, -5*y + 883 = 4*r. Let s = r - 43. Calculate the highest common factor of s and 23.
23
Let w(r) = -3*r - 8. Let f be w(-8). Let c = 51 + -33. Suppose c*n - 22*n = -320. What is the highest common divisor of n and f?
16
Let n = 776 + -742. Calculate the highest common divisor of 34 and n.
34
Let p be ((-3)/12*26)/(2/(-16)). Calculate the greatest common factor of 4 and p.
4
Suppose -2*o + 185 = -5*p, -3*p - 295 = -3*o + p. What is the greatest common divisor of o and 63?
21
Let l = -24 - -41. Suppose 5*b = -41 - 9. Let o = l + b. What is the highest common divisor of 7 and o?
7
Let w be (-155)/(-20)*(14 - -2). Let c be w/14 + 4/28. Calculate the highest common divisor of c and 9.
9
Let z = 1 - -8. Let r = 31 + -58. Let x = r + 63. Calculate the greatest common divisor of z and x.
9
Let z(f) = 10*f**2 - 19*f + 0 - 4*f**2 - 12 - 3*f**2. Let o be z(9). Suppose -4*b + 150 = b. Calculate the highest common factor of b and o.
30
Let d = -42 - -87. What is the greatest common divisor of d and 60?
15
Let s(m) = -3*m + 2. Let x be s(-3). Let u be (3419/6)/13 - (-1)/6. Calculate the highest common factor of u and x.
11
Let o = 83 + -144. Let z = -37 - o. Let m = 52 + -4. What is the highest common divisor of m and z?
24
Let y(o) = -o**3 - 5*o**2 - 5*o + 2. Let k = -13 - -9. Let n be y(k). What is the highest common factor of n and 1?
1
Let v be (-4)/10 - (-1684)/10. Suppose -4*m - 5*a + 23 = -2*m, 0 = -3*m + 3*a + 87. Calculate the highest common factor of v and m.
24
Let u(m) be the third derivative of -m**5/60 - 3*m**4/8 + m**3 + 27*m**2. Let y be u(-7). Calculate the highest common divisor of y and 160.
20
Let v(p) = -8*p - 81. Let i be v(-11). Let h(d) = -11*d - 14. Let z be 376/(-56) - 4/14. Let q be h(z). Calculate the highest common divisor of i and q.
7
Let c = -43 + 8. Let y be 25/(-2)*28/c. Suppose 175 = 3*v - 155. What is the highest common factor of y and v?
10
Let s(l) = -l**3 - l**2 - 5*l. Let c be (-6)/8 - 36/16. Let m be s(c). Let x be (1 - 2)*-22*1. What is the highest common divisor of m and x?
11
Suppose -3968 = -7*n - n. Calculate the highest common divisor of 31 and n.
31
Let f be -2 - (-4)/4 - 5. Let b be (-260)/(-24) - 1/f. Suppose 2*s = 5 + b. Calculate the highest common factor of s and 1.
1
Suppose h - 139 = -i, 24*h - 8 = 26*h. Calculate the greatest common factor of 22 and i.
11
Let y = -63 + 85. Suppose -5*d + 0 = -4*p + 4, -2*d - y = -5*p. What is the greatest common factor of p and 24?
6
Suppose 293 = 2*d - 69. Suppose 55 = x + 5*b, -5*x + 2*b + 591 - d = 0. Calculate the highest common divisor of 10 and x.
10
Let j = -215 - -514. What is the greatest common divisor of 26 and j?
13
Let a = -9 + 26. Suppose a = -h + 29. Calculate the highest common divisor of h and 12.
12
Let c(i) = -6*i - 3. Let b be c(-17). Suppose 2*d - 2*u - 14 = 0, -d - 3*u - u + 17 = 0. Calculate the highest common factor of d and b.
9
Let d = 21 - 6. Let q = 48 - -27. What is the highest common divisor of d and q?
15
Let x be (9 + 306/(-30))/((-6)/80). Suppose 2*f + 7 = -5*m - 14, 0 = -3*f - 3*m - 9. Suppose -12 = f*y - 76. Calculate the highest common factor of y and x.
16
Let m(g) = 8*g + 8. Let z(k) = -7*k - 7. Let q(d) = -4*m(d) - 3*z(d). Let v be q(-6). Calculate the highest common factor of 5 and v.
5
Let a(o) = o**3 - 23*o**2 + 12*o + 402. Let m be a(25). What is the greatest common factor of m and 32?
32
Suppose -34*r + 64*r = 3900. Suppose 0 = -3*i - 4*k + 176, -6*k - 131 = -3*i - k. Calculate the highest common factor of r and i.
26
Let i(t) = -144 + 81 - 4*t + 76. Suppose 4*o = -2*v - 26, 5*o = -0*v + 2*v + 8. Let a be i(v). What is the highest common factor of a and 7?
7
Let u be (-3)/15*(-58 - -23). Let w = -3 + 8. Suppose -9*t + 15 = -4*t, w = 2*p - 3*t. What is the greatest common factor of p and u?
7
Let x be 32/(-80) - ((-651)/15 + -1). Calculate the greatest common divisor of x and 1364.
44
Let x = 10 - 5. Suppose -5*w = x*h - 100, 2*h - 4*h = -2*w - 40. What is the highest common factor of h and 180?
20
Suppose 0 = f + 2*v - 300, 14 = -2*v + 8. What is the greatest common divisor of 51 and f?
51
Let j(g) = 64*g**3 + g - 2. Let n be j(1). What is the greatest common divisor of n and 7?
7
Let h(k) = 8*k**3 - 11*k**2 - k + 29. Let w be h(5). What is the greatest common divisor of 7 and w?
7
Suppose 0*c + 5*n = 2*c, -4*c - 5*n + 30 = 0. Suppose -17 = -2*v + 7. Suppose 5*t - 212 + v = 0. What is the greatest common divisor of t and c?
5
Let r = -1 + 19. What is the highest common factor of r and 612?
18
Let s = 21 + -16. Suppose 0*z - s*z + 30 = 0. Suppose -200 = -11*d + z*d. Calculate the greatest common factor of d and 16.
8
Let k = -27 + 26. Let b be 2 + k + (-2 - -11). What is the greatest common divisor of 10 and b?
10
Let v(l) = -4*l - 90. Let a be v(-29). What is the highest common factor of a and 26?
26
Suppose -2*u + 13 = 5. Suppose -75 = -5*k - 4*x, u*k - 63